). What is p(u)?
-22
Let b(p) be the third derivative of -p**6/120 + 7*p**5/60 - p**4/4 - 7*p**3/6 - 3*p**2. Suppose z = 0, -i - 2*z + 37 = 3*z. Let q = i - 32. Determine b(q).
13
Let o(s) = -s**3 - 5*s**2 + 2*s + 5. Suppose 16*u - 60 = 28*u. What is o(u)?
-5
Let z be 0 + -1 - 1*-3. Suppose 3*a + t - 6 = -2*t, -3*a - z*t + 5 = 0. Let k(d) = -d + 1. Calculate k(a).
0
Let y(b) be the first derivative of -b**3/6 + 7*b**2/2 - 27*b - 32. Let z(w) be the first derivative of y(w). Determine z(5).
2
Let j(l) = -l**2 + 2*l - 5. Let b = -56 - -86. Suppose b*w - 25*w = 20. What is j(w)?
-13
Let n(y) = y**2 + 5*y - 2. Let m(l) = -l**3 + 28*l**2 + 28*l + 37. Let t be m(29). Let w be 1*7*(1 - 4). Let p be (t/(-3))/((-14)/w). Calculate n(p).
-6
Let i(n) be the third derivative of -n**6/120 + 11*n**5/60 - n**4/3 - 13*n**3/6 - 58*n**2. Determine i(10).
7
Let p(l) = l**3 - 6*l**2 - 6*l - 13. Let i be p(9). Let n be (-2)/3 + i/(-24). Let j be (-3)/9 + n/(-6). Let x(y) = -10*y**3 + 2*y**2 - 1. Determine x(j).
-9
Let f(h) = h**2 + 7*h + 7. Let u be f(-7). Let r(d) = -4*d**2 + 2*d + 1. Let w(t) = 12*t**2 - 6*t - 4. Let p(l) = u*r(l) + 2*w(l). Give p(1).
-3
Let w be 1 - (3 - 1 - 2/(-1)). Let o(b) = -b**3 - 220 - b**2 + 2*b + 0*b**2 + 217. What is o(w)?
9
Let v(f) = 33*f - 1. Let d = 677 - 676. What is v(d)?
32
Let c(l) = 2*l - 3*l + 1 + 5*l. Suppose -3*u + 8 = -1. Suppose u*y = 3 - 0. Give c(y).
5
Suppose 23*k - 222 = -51*k. Let c(q) = 2*q**2 - 7*q + 7. What is c(k)?
4
Let o(x) = 4*x + 57. Let n be o(-15). Let d(i) = 4*i + 7. What is d(n)?
-5
Let g = 3 + 0. Let u be g/2*(0 + 2). Suppose 0 = -5*a + u*a + 8. Let m(i) = i - 3. Determine m(a).
1
Suppose 5*m = 25, 2*s = -0*s - 5*m + 31. Let o(i) = -2*i**3 + 3*i**3 - 13 + i**2 - s*i + 17 - 4*i**2. Suppose -4 = 3*p - 4*p. Give o(p).
8
Suppose 3*o + 3*k = 6, -10*o + 28 = -11*o + 5*k. Let f(z) = -12*z + 2. Calculate f(o).
38
Let t(a) = -2*a**2 - 7*a + 5. Let h be t(-4). Suppose -h - 7 = -2*d. Let q(r) = r - 3. Let k(s) = -s + 1. Let j(x) = -4*k(x) - q(x). What is j(d)?
11
Let s(r) = -r**2 - 7*r + 20. Let t be s(-7). Let x = -20 + t. Let h(p) = p**3 - p - 2. Calculate h(x).
-2
Let o(r) = r**3 - r**2 + r - 13. Let a(t) = -t**3 - 13*t**2 + 9*t - 70. Let p be a(-14). What is o(p)?
-13
Let s(o) = 8*o**2 - 9*o - 3. Let w(l) = 11*l**2 - 11*l - 5. Let k(r) = -4*s(r) + 3*w(r). Give k(-5).
7
Let i(m) = -3*m**2. Let w = 48 - 49. Suppose 4*u - 2 = 6*u. Let n = w + u. Determine i(n).
-12
Let p(t) = 5 + 0*t + 0*t + t + 0*t. Suppose 0 = 7*w - 3*w - 5*c + 13, -5*c + 31 = 2*w. Suppose -11 + w = 2*k. Calculate p(k).
1
Let p(r) = -2*r**3 - 13*r**2 - 2*r - 49. Let n be p(-7). Let i(d) = d - 5. What is i(n)?
9
Let c(q) be the first derivative of q**4/4 + q**3/3 - 2*q + 6. Determine c(0).
-2
Let j(u) be the third derivative of -3*u**4/8 + u**3 + 966*u**2. Calculate j(0).
6
Let c(n) = n**2 + n + 2. Suppose 3 - 3 = -4*m. Determine c(m).
2
Suppose 0 = 3*r + 17 - 11. Let a(s) = -5*s**2 - 3*s - 1. Determine a(r).
-15
Let p = 165 + -163. Let q(l) = 6 + 2*l**2 - 4*l - 3 + 0. Determine q(p).
3
Let f(o) = -o - 4. Suppose -g = 4*g + 195. Let m = 33 + g. Calculate f(m).
2
Let y(o) = o + 10. Suppose 10*g - 14*g = -4. Let l be 7/(-2 + g/1). Let x be y(l). Let d(u) = -u**2 + 3. Give d(x).
-6
Let f = -12 - -23. Let w = -8 + f. Let d(q) = 2*q + 0 + w*q - 6 - 3*q. Determine d(4).
2
Let w(g) = -g**2 - 1. Let l(v) = 2*v**2 - 10*v + 6. Let s be l(3). Let y(u) = -5*u**2 + 4*u - 6. Let p(c) = s*w(c) + y(c). Determine p(-6).
12
Let n be (-8)/36 - 43/9. Let y = 7 + n. Let l(m) = 1 + 27*m**2 - 3*m**3 + 4*m**3 - m - 24*m**y. Determine l(-3).
4
Let f(n) = -4*n - 16. Suppose 236 = 27*x - 34. Calculate f(x).
-56
Suppose 8*z - 3*z + 5 = 0. Let m(x) = -2*x - 2*x**3 + 3*x - 2 + 0*x + 3. Give m(z).
2
Let s(g) = -7*g**2 - 2*g + 3. Let h = -26 + 23. Let c(w) = -7*w**2 - 2*w + 4. Let x(t) = h*s(t) + 2*c(t). What is x(1)?
8
Let h(z) = -63*z - 249. Let v be h(-4). Let l(p) be the second derivative of -1/20*p**5 + 7/6*p**v + 5/12*p**4 + 0*p**2 + 0 + 7*p. What is l(6)?
6
Let d(t) = -1. Let q(i) = 2*i - 3. Let y(z) = -2*d(z) + q(z). Let k be 2 - (2*-1)/(12/6). What is y(k)?
5
Let h(p) = p + 3. Suppose y + 6 = b, 3*b + 0*b = 2*y + 19. Suppose -2*l + b = -1. Suppose 3*i + 2*i = -4*q + 10, -2*i = -4*q - l. What is h(q)?
3
Let z(d) = 23*d - 14. Let c(s) = 4*s. Let g(x) = 6*c(x) - z(x). Give g(0).
14
Let r(w) = -3 + 2 - 7*w - w + 43*w + 2. Determine r(-1).
-34
Let g(c) = 6*c**2 - 1 + 2*c + 5472*c**3 - 10*c + 2*c - 5473*c**3. Let l be 46/10 + (-2)/(-5). Calculate g(l).
-6
Suppose 4*k - 38 = -3*t, 0*t = 2*k + 4*t - 24. Let o be 13 + -2 + k + -11. Let x(d) = 2*d - 7. Calculate x(o).
9
Suppose 4*v + 184 - 196 = 0. Let d(f) = f**2 - 3*f - 6. What is d(v)?
-6
Suppose 8*s = 3*s + m - 15, -s = 2*m + 3. Let w(p) be the second derivative of 0 + 1/2*p**2 - 1/2*p**3 - p. Give w(s).
10
Let o(f) be the first derivative of -f**4/12 + 2*f**3/3 + 2*f**2 - 25*f - 23. Let a(p) be the first derivative of o(p). Determine a(4).
4
Let g(p) be the third derivative of p**7/360 + p**6/720 + 3*p**4/4 + 6*p**2. Let k(v) be the second derivative of g(v). Calculate k(1).
8
Let i(r) = 23 - 4*r**2 - r**2 - 2*r**3 + r**3 - 29 - r. Determine i(-5).
-1
Let t(r) = -12*r - 46. Let k(n) = 9*n + 37. Let u(g) = 5*k(g) + 4*t(g). Suppose 5*f + j = -0*j + 17, 4*f + 4*j - 4 = 0. Suppose z = 7 - f. Calculate u(z).
-8
Let a(q) be the third derivative of -q**4/12 - q**3/2 - 22*q**2. Determine a(-5).
7
Let j(h) = -440*h**2 + 215*h**2 + 3*h + 224*h**2. What is j(-4)?
-28
Let p(u) = -u**3 + u**2 + u - 25. Suppose -5*c + 2*g - 4 = 0, 3*g - 8 = -2. What is p(c)?
-25
Suppose 0 = 2*u + 7 + 7. Suppose 21 = 3*t + 6. Let j(x) = 6*x**2 - 4*x + 5 - 4 + x**3 + t. Determine j(u).
-15
Suppose -5*d = -7*d + 12. Let s(u) = -5 - 5*u - 2335*u**2 + 4*u + 2336*u**2. Give s(d).
25
Let v(f) = -f**3 + 5 - 177*f + 177*f + 325*f**2 - 321*f**2. Determine v(4).
5
Let n be 2 - -375 - -2 - -1. Suppose 0 = -3*y - c - 14, y + 5*c = -14. Let h be n/90 + y/18. Let s(i) = -i**3 + 5*i**2 - i - 5. Determine s(h).
7
Let v(s) = s**3 - 8*s**2 + 4. Let c be v(8). Suppose 2*z + 2*z = c. Let i = 4 - z. Let u(d) = d**2 - 2*d. Give u(i).
3
Let a(p) = -3*p**2 + 7*p. Let s(z) = z + 22. Let o be s(-19). Determine a(o).
-6
Let r(j) = -20*j - 224. Let t be r(-11). Let l(a) = -2*a**2 - a + 8. Determine l(t).
-20
Suppose -5*x + 5 = y, 4*x - 9 - 14 = 3*y. Let h(r) be the third derivative of 0*r - 1/6*r**4 + 0 + 1/6*r**3 - 6*r**x. Determine h(-2).
9
Let h(b) be the third derivative of b**7/840 + b**6/45 - 3*b**5/40 - b**4/8 - 11*b**3/6 + 25*b**2. Let q(n) be the first derivative of h(n). Determine q(-9).
-3
Let c = -2270 - -2255. Let g(a) = a**2 + 16*a + 20. What is g(c)?
5
Suppose -26*j - 48 = -20*j. Let v(b) = -b**3 - 8*b**2 + b - 2. Give v(j).
-10
Let u be (4 - 7)/((-3)/6). Let m be (2/u)/((-5)/75). Let x(a) = 2*a + 3. What is x(m)?
-7
Let r(t) = 2*t - 1. Let l(f) = -7*f + 3. Let p(d) = 6*l(d) + 22*r(d). Give p(-4).
-12
Let m(t) = 7*t - 3. Let v(a) = 9 - 7*a + 9 + 14 - 29. Let k(j) = -6*m(j) - 5*v(j). Calculate k(3).
-18
Let i(w) be the third derivative of -w**6/120 - w**5/12 + w**4/6 + w**3/6 + 114*w**2. Give i(-6).
13
Let i(s) = -s**2 - s + 1. Let y(a) = -6*a + 4. Let q(b) = i(b) - y(b). Let n(v) = -3*v - 4*v**2 - v**3 - 9 + 6*v + 3 + 2*v**3. Let j be n(4). Determine q(j).
-9
Suppose 0 = -5*p + 4*w + 61, -3*w = -p + 5 + 5. Suppose -4*z + p = -19. Let o(s) = -s**2 + 9*s - 3. Calculate o(z).
5
Let q(b) be the third derivative of 0 - 1/8*b**4 + 4*b**2 - 2/3*b**3 - 1/120*b**6 + 0*b - 1/12*b**5. Determine q(-5).
11
Let p(y) = -y**2 + 4. Suppose -3*f = -o - 2*f + 8, -5*f + 10 = 5*o. Suppose 3*l - 4*l - 14 = -o*j, 2 = 2*l. Determine p(j).
-5
Let t = 2901 - 2899. Let u(y) = 1. Let r(a) = 3*a + 7. Let g(i) = 4*i + 8. Let w(z) = -4*g(z) + 5*r(z). Let c(h) = 5*u(h) - 2*w(h). What is c(t)?
3
Let u(f) = -f**3 - 5*f**2 - f + 3. Let m(x) = -21*x + 24. Let r be m(-4). Let w = r + -111. What is u(w)?
-12
Suppose -2173*c + 2170*c - 36 = 0. Let s(p) = -p**3 - 12*p**2 - p - 9. Calculate s(c).
3
Let m = -289 + 287. Let t(o) = o**2 - 2. Calculate t(m).
2
Let a(s) be the second derivative of -s**3/3 + 3*s**2/2 + 2*s - 2. What is a(-6)?
15
Let w(m) = -m**3 + 3*m**2 - 6*m + 7. Suppose -4*v = -5*r - 5, -2*